{"id":225,"date":"2009-09-23T01:07:00","date_gmt":"2009-09-22T23:07:00","guid":{"rendered":"http:\/\/www.t2-bulli.de\/t2bcms\/?page_id=225"},"modified":"2024-10-17T11:56:18","modified_gmt":"2024-10-17T09:56:18","slug":"fotos-aussen","status":"publish","type":"page","link":"https:\/\/www.t2-bulli.de\/t2bcms\/das-fahrzeug\/fotos-aussen\/","title":{"rendered":"Fotos au\u00dfen"},"content":{"rendered":"\n<p>Der VW T2 Westfalia Helsinki von au\u00dfen. Alle Fotos k\u00f6nnen durch Anklicken auf maximale Aufl\u00f6sung vergr\u00f6\u00dfert werden, so da\u00df auch feine Details anzeigbar sind. Die Fotos sind 2001 bei dem Kilometerstand 92381 entstanden.<\/p>\n\n\n\n<figure data-wp-context=\"{&quot;imageId&quot;:&quot;69fb08396e985&quot;}\" data-wp-interactive=\"core\/image\" data-wp-key=\"69fb08396e985\" class=\"wp-block-image size-large wp-lightbox-container\"><img loading=\"lazy\" decoding=\"async\" width=\"1024\" height=\"768\" data-wp-class--hide=\"state.isContentHidden\" data-wp-class--show=\"state.isContentVisible\" data-wp-init=\"callbacks.setButtonStyles\" data-wp-on--click=\"actions.showLightbox\" data-wp-on--load=\"callbacks.setButtonStyles\" data-wp-on-window--resize=\"callbacks.setButtonStyles\" src=\"https:\/\/www.t2-bulli.de\/t2bcms\/wp-content\/uploads\/2024\/10\/PA060068-1024x768.jpg\" alt=\"\" class=\"wp-image-338\" srcset=\"https:\/\/www.t2-bulli.de\/t2bcms\/wp-content\/uploads\/2024\/10\/PA060068-1024x768.jpg 1024w, https:\/\/www.t2-bulli.de\/t2bcms\/wp-content\/uploads\/2024\/10\/PA060068-300x225.jpg 300w, https:\/\/www.t2-bulli.de\/t2bcms\/wp-content\/uploads\/2024\/10\/PA060068-768x576.jpg 768w, https:\/\/www.t2-bulli.de\/t2bcms\/wp-content\/uploads\/2024\/10\/PA060068-1536x1152.jpg 1536w, https:\/\/www.t2-bulli.de\/t2bcms\/wp-content\/uploads\/2024\/10\/PA060068.jpg 2048w\" sizes=\"auto, (max-width: 1024px) 100vw, 1024px\" \/><button\n\t\t\tclass=\"lightbox-trigger\"\n\t\t\ttype=\"button\"\n\t\t\taria-haspopup=\"dialog\"\n\t\t\taria-label=\"Vergr\u00f6\u00dfern\"\n\t\t\tdata-wp-init=\"callbacks.initTriggerButton\"\n\t\t\tdata-wp-on--click=\"actions.showLightbox\"\n\t\t\tdata-wp-style--right=\"state.imageButtonRight\"\n\t\t\tdata-wp-style--top=\"state.imageButtonTop\"\n\t\t>\n\t\t\t<svg xmlns=\"http:\/\/www.w3.org\/2000\/svg\" width=\"12\" height=\"12\" fill=\"none\" viewBox=\"0 0 12 12\">\n\t\t\t\t<path fill=\"#fff\" d=\"M2 0a2 2 0 0 0-2 2v2h1.5V2a.5.5 0 0 1 .5-.5h2V0H2Zm2 10.5H2a.5.5 0 0 1-.5-.5V8H0v2a2 2 0 0 0 2 2h2v-1.5ZM8 12v-1.5h2a.5.5 0 0 0 .5-.5V8H12v2a2 2 0 0 1-2 2H8Zm2-12a2 2 0 0 1 2 2v2h-1.5V2a.5.5 0 0 0-.5-.5H8V0h2Z\" \/>\n\t\t\t<\/svg>\n\t\t<\/button><\/figure>\n\n\n\n<div class=\"wp-block-group\"><div class=\"wp-block-group__inner-container is-layout-constrained wp-block-group-is-layout-constrained\">\n<div class=\"wp-block-group\"><div class=\"wp-block-group__inner-container is-layout-constrained wp-block-group-is-layout-constrained\">\n<figure class=\"wp-block-gallery has-nested-images columns-default is-cropped wp-block-gallery-1 is-layout-flex wp-block-gallery-is-layout-flex\">\n<figure data-wp-context=\"{&quot;imageId&quot;:&quot;69fb08396ebfe&quot;}\" data-wp-interactive=\"core\/image\" data-wp-key=\"69fb08396ebfe\" class=\"wp-block-image size-large wp-lightbox-container\"><img loading=\"lazy\" decoding=\"async\" width=\"1024\" height=\"768\" data-wp-class--hide=\"state.isContentHidden\" data-wp-class--show=\"state.isContentVisible\" data-wp-init=\"callbacks.setButtonStyles\" data-wp-on--click=\"actions.showLightbox\" data-wp-on--load=\"callbacks.setButtonStyles\" data-wp-on-window--resize=\"callbacks.setButtonStyles\" data-id=\"337\" src=\"https:\/\/www.t2-bulli.de\/t2bcms\/wp-content\/uploads\/2024\/10\/PA060070-1024x768.jpg\" alt=\"\" class=\"wp-image-337\" srcset=\"https:\/\/www.t2-bulli.de\/t2bcms\/wp-content\/uploads\/2024\/10\/PA060070-1024x768.jpg 1024w, https:\/\/www.t2-bulli.de\/t2bcms\/wp-content\/uploads\/2024\/10\/PA060070-300x225.jpg 300w, https:\/\/www.t2-bulli.de\/t2bcms\/wp-content\/uploads\/2024\/10\/PA060070-768x576.jpg 768w, https:\/\/www.t2-bulli.de\/t2bcms\/wp-content\/uploads\/2024\/10\/PA060070-1536x1152.jpg 1536w, https:\/\/www.t2-bulli.de\/t2bcms\/wp-content\/uploads\/2024\/10\/PA060070.jpg 2048w\" sizes=\"auto, (max-width: 1024px) 100vw, 1024px\" \/><button\n\t\t\tclass=\"lightbox-trigger\"\n\t\t\ttype=\"button\"\n\t\t\taria-haspopup=\"dialog\"\n\t\t\taria-label=\"Vergr\u00f6\u00dfern\"\n\t\t\tdata-wp-init=\"callbacks.initTriggerButton\"\n\t\t\tdata-wp-on--click=\"actions.showLightbox\"\n\t\t\tdata-wp-style--right=\"state.imageButtonRight\"\n\t\t\tdata-wp-style--top=\"state.imageButtonTop\"\n\t\t>\n\t\t\t<svg xmlns=\"http:\/\/www.w3.org\/2000\/svg\" width=\"12\" height=\"12\" fill=\"none\" viewBox=\"0 0 12 12\">\n\t\t\t\t<path fill=\"#fff\" d=\"M2 0a2 2 0 0 0-2 2v2h1.5V2a.5.5 0 0 1 .5-.5h2V0H2Zm2 10.5H2a.5.5 0 0 1-.5-.5V8H0v2a2 2 0 0 0 2 2h2v-1.5ZM8 12v-1.5h2a.5.5 0 0 0 .5-.5V8H12v2a2 2 0 0 1-2 2H8Zm2-12a2 2 0 0 1 2 2v2h-1.5V2a.5.5 0 0 0-.5-.5H8V0h2Z\" \/>\n\t\t\t<\/svg>\n\t\t<\/button><\/figure>\n<\/figure>\n<\/div><\/div>\n<\/div><\/div>\n\n\n\n<figure class=\"wp-block-gallery has-nested-images columns-default is-cropped wp-block-gallery-2 is-layout-flex wp-block-gallery-is-layout-flex\">\n<figure data-wp-context=\"{&quot;imageId&quot;:&quot;69fb08396f109&quot;}\" data-wp-interactive=\"core\/image\" data-wp-key=\"69fb08396f109\" class=\"wp-block-image size-large wp-lightbox-container\"><img loading=\"lazy\" decoding=\"async\" width=\"1024\" height=\"768\" data-wp-class--hide=\"state.isContentHidden\" data-wp-class--show=\"state.isContentVisible\" data-wp-init=\"callbacks.setButtonStyles\" data-wp-on--click=\"actions.showLightbox\" data-wp-on--load=\"callbacks.setButtonStyles\" data-wp-on-window--resize=\"callbacks.setButtonStyles\" data-id=\"330\" src=\"https:\/\/www.t2-bulli.de\/t2bcms\/wp-content\/uploads\/2024\/10\/PA060058-1024x768.jpg\" alt=\"\" class=\"wp-image-330\" srcset=\"https:\/\/www.t2-bulli.de\/t2bcms\/wp-content\/uploads\/2024\/10\/PA060058-1024x768.jpg 1024w, https:\/\/www.t2-bulli.de\/t2bcms\/wp-content\/uploads\/2024\/10\/PA060058-300x225.jpg 300w, https:\/\/www.t2-bulli.de\/t2bcms\/wp-content\/uploads\/2024\/10\/PA060058-768x576.jpg 768w, https:\/\/www.t2-bulli.de\/t2bcms\/wp-content\/uploads\/2024\/10\/PA060058-1536x1152.jpg 1536w, https:\/\/www.t2-bulli.de\/t2bcms\/wp-content\/uploads\/2024\/10\/PA060058.jpg 2048w\" sizes=\"auto, (max-width: 1024px) 100vw, 1024px\" \/><button\n\t\t\tclass=\"lightbox-trigger\"\n\t\t\ttype=\"button\"\n\t\t\taria-haspopup=\"dialog\"\n\t\t\taria-label=\"Vergr\u00f6\u00dfern\"\n\t\t\tdata-wp-init=\"callbacks.initTriggerButton\"\n\t\t\tdata-wp-on--click=\"actions.showLightbox\"\n\t\t\tdata-wp-style--right=\"state.imageButtonRight\"\n\t\t\tdata-wp-style--top=\"state.imageButtonTop\"\n\t\t>\n\t\t\t<svg xmlns=\"http:\/\/www.w3.org\/2000\/svg\" width=\"12\" height=\"12\" fill=\"none\" viewBox=\"0 0 12 12\">\n\t\t\t\t<path fill=\"#fff\" d=\"M2 0a2 2 0 0 0-2 2v2h1.5V2a.5.5 0 0 1 .5-.5h2V0H2Zm2 10.5H2a.5.5 0 0 1-.5-.5V8H0v2a2 2 0 0 0 2 2h2v-1.5ZM8 12v-1.5h2a.5.5 0 0 0 .5-.5V8H12v2a2 2 0 0 1-2 2H8Zm2-12a2 2 0 0 1 2 2v2h-1.5V2a.5.5 0 0 0-.5-.5H8V0h2Z\" \/>\n\t\t\t<\/svg>\n\t\t<\/button><\/figure>\n\n\n\n<figure data-wp-context=\"{&quot;imageId&quot;:&quot;69fb08396f2b5&quot;}\" data-wp-interactive=\"core\/image\" data-wp-key=\"69fb08396f2b5\" class=\"wp-block-image size-large wp-lightbox-container\"><img loading=\"lazy\" decoding=\"async\" width=\"768\" height=\"1024\" data-wp-class--hide=\"state.isContentHidden\" data-wp-class--show=\"state.isContentVisible\" data-wp-init=\"callbacks.setButtonStyles\" data-wp-on--click=\"actions.showLightbox\" data-wp-on--load=\"callbacks.setButtonStyles\" data-wp-on-window--resize=\"callbacks.setButtonStyles\" data-id=\"331\" src=\"https:\/\/www.t2-bulli.de\/t2bcms\/wp-content\/uploads\/2024\/10\/PA060060-768x1024.jpg\" alt=\"\" class=\"wp-image-331\" srcset=\"https:\/\/www.t2-bulli.de\/t2bcms\/wp-content\/uploads\/2024\/10\/PA060060-768x1024.jpg 768w, https:\/\/www.t2-bulli.de\/t2bcms\/wp-content\/uploads\/2024\/10\/PA060060-225x300.jpg 225w, https:\/\/www.t2-bulli.de\/t2bcms\/wp-content\/uploads\/2024\/10\/PA060060-1152x1536.jpg 1152w, https:\/\/www.t2-bulli.de\/t2bcms\/wp-content\/uploads\/2024\/10\/PA060060.jpg 1536w\" sizes=\"auto, (max-width: 768px) 100vw, 768px\" \/><button\n\t\t\tclass=\"lightbox-trigger\"\n\t\t\ttype=\"button\"\n\t\t\taria-haspopup=\"dialog\"\n\t\t\taria-label=\"Vergr\u00f6\u00dfern\"\n\t\t\tdata-wp-init=\"callbacks.initTriggerButton\"\n\t\t\tdata-wp-on--click=\"actions.showLightbox\"\n\t\t\tdata-wp-style--right=\"state.imageButtonRight\"\n\t\t\tdata-wp-style--top=\"state.imageButtonTop\"\n\t\t>\n\t\t\t<svg xmlns=\"http:\/\/www.w3.org\/2000\/svg\" width=\"12\" height=\"12\" fill=\"none\" viewBox=\"0 0 12 12\">\n\t\t\t\t<path fill=\"#fff\" d=\"M2 0a2 2 0 0 0-2 2v2h1.5V2a.5.5 0 0 1 .5-.5h2V0H2Zm2 10.5H2a.5.5 0 0 1-.5-.5V8H0v2a2 2 0 0 0 2 2h2v-1.5ZM8 12v-1.5h2a.5.5 0 0 0 .5-.5V8H12v2a2 2 0 0 1-2 2H8Zm2-12a2 2 0 0 1 2 2v2h-1.5V2a.5.5 0 0 0-.5-.5H8V0h2Z\" \/>\n\t\t\t<\/svg>\n\t\t<\/button><\/figure>\n\n\n\n<figure data-wp-context=\"{&quot;imageId&quot;:&quot;69fb08396f3f4&quot;}\" data-wp-interactive=\"core\/image\" data-wp-key=\"69fb08396f3f4\" class=\"wp-block-image size-large wp-lightbox-container\"><img loading=\"lazy\" decoding=\"async\" width=\"768\" height=\"1024\" data-wp-class--hide=\"state.isContentHidden\" data-wp-class--show=\"state.isContentVisible\" data-wp-init=\"callbacks.setButtonStyles\" data-wp-on--click=\"actions.showLightbox\" data-wp-on--load=\"callbacks.setButtonStyles\" data-wp-on-window--resize=\"callbacks.setButtonStyles\" data-id=\"333\" src=\"https:\/\/www.t2-bulli.de\/t2bcms\/wp-content\/uploads\/2024\/10\/PA060062-768x1024.jpg\" alt=\"\" class=\"wp-image-333\" srcset=\"https:\/\/www.t2-bulli.de\/t2bcms\/wp-content\/uploads\/2024\/10\/PA060062-768x1024.jpg 768w, https:\/\/www.t2-bulli.de\/t2bcms\/wp-content\/uploads\/2024\/10\/PA060062-225x300.jpg 225w, https:\/\/www.t2-bulli.de\/t2bcms\/wp-content\/uploads\/2024\/10\/PA060062-1152x1536.jpg 1152w, https:\/\/www.t2-bulli.de\/t2bcms\/wp-content\/uploads\/2024\/10\/PA060062.jpg 1536w\" sizes=\"auto, (max-width: 768px) 100vw, 768px\" \/><button\n\t\t\tclass=\"lightbox-trigger\"\n\t\t\ttype=\"button\"\n\t\t\taria-haspopup=\"dialog\"\n\t\t\taria-label=\"Vergr\u00f6\u00dfern\"\n\t\t\tdata-wp-init=\"callbacks.initTriggerButton\"\n\t\t\tdata-wp-on--click=\"actions.showLightbox\"\n\t\t\tdata-wp-style--right=\"state.imageButtonRight\"\n\t\t\tdata-wp-style--top=\"state.imageButtonTop\"\n\t\t>\n\t\t\t<svg xmlns=\"http:\/\/www.w3.org\/2000\/svg\" width=\"12\" height=\"12\" fill=\"none\" viewBox=\"0 0 12 12\">\n\t\t\t\t<path fill=\"#fff\" d=\"M2 0a2 2 0 0 0-2 2v2h1.5V2a.5.5 0 0 1 .5-.5h2V0H2Zm2 10.5H2a.5.5 0 0 1-.5-.5V8H0v2a2 2 0 0 0 2 2h2v-1.5ZM8 12v-1.5h2a.5.5 0 0 0 .5-.5V8H12v2a2 2 0 0 1-2 2H8Zm2-12a2 2 0 0 1 2 2v2h-1.5V2a.5.5 0 0 0-.5-.5H8V0h2Z\" \/>\n\t\t\t<\/svg>\n\t\t<\/button><\/figure>\n\n\n\n<figure data-wp-context=\"{&quot;imageId&quot;:&quot;69fb08396f506&quot;}\" data-wp-interactive=\"core\/image\" data-wp-key=\"69fb08396f506\" class=\"wp-block-image size-large wp-lightbox-container\"><img loading=\"lazy\" decoding=\"async\" width=\"768\" height=\"1024\" data-wp-class--hide=\"state.isContentHidden\" data-wp-class--show=\"state.isContentVisible\" data-wp-init=\"callbacks.setButtonStyles\" data-wp-on--click=\"actions.showLightbox\" data-wp-on--load=\"callbacks.setButtonStyles\" data-wp-on-window--resize=\"callbacks.setButtonStyles\" data-id=\"332\" src=\"https:\/\/www.t2-bulli.de\/t2bcms\/wp-content\/uploads\/2024\/10\/PA060063-768x1024.jpg\" alt=\"\" class=\"wp-image-332\" srcset=\"https:\/\/www.t2-bulli.de\/t2bcms\/wp-content\/uploads\/2024\/10\/PA060063-768x1024.jpg 768w, https:\/\/www.t2-bulli.de\/t2bcms\/wp-content\/uploads\/2024\/10\/PA060063-225x300.jpg 225w, https:\/\/www.t2-bulli.de\/t2bcms\/wp-content\/uploads\/2024\/10\/PA060063-1152x1536.jpg 1152w, https:\/\/www.t2-bulli.de\/t2bcms\/wp-content\/uploads\/2024\/10\/PA060063.jpg 1536w\" sizes=\"auto, (max-width: 768px) 100vw, 768px\" \/><button\n\t\t\tclass=\"lightbox-trigger\"\n\t\t\ttype=\"button\"\n\t\t\taria-haspopup=\"dialog\"\n\t\t\taria-label=\"Vergr\u00f6\u00dfern\"\n\t\t\tdata-wp-init=\"callbacks.initTriggerButton\"\n\t\t\tdata-wp-on--click=\"actions.showLightbox\"\n\t\t\tdata-wp-style--right=\"state.imageButtonRight\"\n\t\t\tdata-wp-style--top=\"state.imageButtonTop\"\n\t\t>\n\t\t\t<svg xmlns=\"http:\/\/www.w3.org\/2000\/svg\" width=\"12\" height=\"12\" fill=\"none\" viewBox=\"0 0 12 12\">\n\t\t\t\t<path fill=\"#fff\" d=\"M2 0a2 2 0 0 0-2 2v2h1.5V2a.5.5 0 0 1 .5-.5h2V0H2Zm2 10.5H2a.5.5 0 0 1-.5-.5V8H0v2a2 2 0 0 0 2 2h2v-1.5ZM8 12v-1.5h2a.5.5 0 0 0 .5-.5V8H12v2a2 2 0 0 1-2 2H8Zm2-12a2 2 0 0 1 2 2v2h-1.5V2a.5.5 0 0 0-.5-.5H8V0h2Z\" \/>\n\t\t\t<\/svg>\n\t\t<\/button><\/figure>\n\n\n\n<figure data-wp-context=\"{&quot;imageId&quot;:&quot;69fb08396f613&quot;}\" data-wp-interactive=\"core\/image\" data-wp-key=\"69fb08396f613\" class=\"wp-block-image size-large wp-lightbox-container\"><img loading=\"lazy\" decoding=\"async\" width=\"768\" height=\"1024\" data-wp-class--hide=\"state.isContentHidden\" data-wp-class--show=\"state.isContentVisible\" data-wp-init=\"callbacks.setButtonStyles\" data-wp-on--click=\"actions.showLightbox\" data-wp-on--load=\"callbacks.setButtonStyles\" data-wp-on-window--resize=\"callbacks.setButtonStyles\" data-id=\"334\" src=\"https:\/\/www.t2-bulli.de\/t2bcms\/wp-content\/uploads\/2024\/10\/PA060065-768x1024.jpg\" alt=\"\" class=\"wp-image-334\" srcset=\"https:\/\/www.t2-bulli.de\/t2bcms\/wp-content\/uploads\/2024\/10\/PA060065-768x1024.jpg 768w, https:\/\/www.t2-bulli.de\/t2bcms\/wp-content\/uploads\/2024\/10\/PA060065-225x300.jpg 225w, https:\/\/www.t2-bulli.de\/t2bcms\/wp-content\/uploads\/2024\/10\/PA060065-1152x1536.jpg 1152w, https:\/\/www.t2-bulli.de\/t2bcms\/wp-content\/uploads\/2024\/10\/PA060065.jpg 1536w\" sizes=\"auto, (max-width: 768px) 100vw, 768px\" \/><button\n\t\t\tclass=\"lightbox-trigger\"\n\t\t\ttype=\"button\"\n\t\t\taria-haspopup=\"dialog\"\n\t\t\taria-label=\"Vergr\u00f6\u00dfern\"\n\t\t\tdata-wp-init=\"callbacks.initTriggerButton\"\n\t\t\tdata-wp-on--click=\"actions.showLightbox\"\n\t\t\tdata-wp-style--right=\"state.imageButtonRight\"\n\t\t\tdata-wp-style--top=\"state.imageButtonTop\"\n\t\t>\n\t\t\t<svg xmlns=\"http:\/\/www.w3.org\/2000\/svg\" width=\"12\" height=\"12\" fill=\"none\" viewBox=\"0 0 12 12\">\n\t\t\t\t<path fill=\"#fff\" d=\"M2 0a2 2 0 0 0-2 2v2h1.5V2a.5.5 0 0 1 .5-.5h2V0H2Zm2 10.5H2a.5.5 0 0 1-.5-.5V8H0v2a2 2 0 0 0 2 2h2v-1.5ZM8 12v-1.5h2a.5.5 0 0 0 .5-.5V8H12v2a2 2 0 0 1-2 2H8Zm2-12a2 2 0 0 1 2 2v2h-1.5V2a.5.5 0 0 0-.5-.5H8V0h2Z\" \/>\n\t\t\t<\/svg>\n\t\t<\/button><\/figure>\n\n\n\n<figure data-wp-context=\"{&quot;imageId&quot;:&quot;69fb08396f73b&quot;}\" data-wp-interactive=\"core\/image\" data-wp-key=\"69fb08396f73b\" class=\"wp-block-image size-large wp-lightbox-container\"><img loading=\"lazy\" decoding=\"async\" width=\"768\" height=\"1024\" data-wp-class--hide=\"state.isContentHidden\" data-wp-class--show=\"state.isContentVisible\" data-wp-init=\"callbacks.setButtonStyles\" data-wp-on--click=\"actions.showLightbox\" data-wp-on--load=\"callbacks.setButtonStyles\" data-wp-on-window--resize=\"callbacks.setButtonStyles\" data-id=\"335\" src=\"https:\/\/www.t2-bulli.de\/t2bcms\/wp-content\/uploads\/2024\/10\/PA060066-768x1024.jpg\" alt=\"\" class=\"wp-image-335\" srcset=\"https:\/\/www.t2-bulli.de\/t2bcms\/wp-content\/uploads\/2024\/10\/PA060066-768x1024.jpg 768w, https:\/\/www.t2-bulli.de\/t2bcms\/wp-content\/uploads\/2024\/10\/PA060066-225x300.jpg 225w, https:\/\/www.t2-bulli.de\/t2bcms\/wp-content\/uploads\/2024\/10\/PA060066-1152x1536.jpg 1152w, https:\/\/www.t2-bulli.de\/t2bcms\/wp-content\/uploads\/2024\/10\/PA060066.jpg 1536w\" sizes=\"auto, (max-width: 768px) 100vw, 768px\" \/><button\n\t\t\tclass=\"lightbox-trigger\"\n\t\t\ttype=\"button\"\n\t\t\taria-haspopup=\"dialog\"\n\t\t\taria-label=\"Vergr\u00f6\u00dfern\"\n\t\t\tdata-wp-init=\"callbacks.initTriggerButton\"\n\t\t\tdata-wp-on--click=\"actions.showLightbox\"\n\t\t\tdata-wp-style--right=\"state.imageButtonRight\"\n\t\t\tdata-wp-style--top=\"state.imageButtonTop\"\n\t\t>\n\t\t\t<svg xmlns=\"http:\/\/www.w3.org\/2000\/svg\" width=\"12\" height=\"12\" fill=\"none\" viewBox=\"0 0 12 12\">\n\t\t\t\t<path fill=\"#fff\" d=\"M2 0a2 2 0 0 0-2 2v2h1.5V2a.5.5 0 0 1 .5-.5h2V0H2Zm2 10.5H2a.5.5 0 0 1-.5-.5V8H0v2a2 2 0 0 0 2 2h2v-1.5ZM8 12v-1.5h2a.5.5 0 0 0 .5-.5V8H12v2a2 2 0 0 1-2 2H8Zm2-12a2 2 0 0 1 2 2v2h-1.5V2a.5.5 0 0 0-.5-.5H8V0h2Z\" \/>\n\t\t\t<\/svg>\n\t\t<\/button><\/figure>\n<\/figure>\n","protected":false},"excerpt":{"rendered":"<p>Der VW T2 Westfalia Helsinki von au\u00dfen. Alle Fotos k\u00f6nnen durch Anklicken auf maximale Aufl\u00f6sung vergr\u00f6\u00dfert werden, so da\u00df auch feine Details anzeigbar sind. Die Fotos sind 2001 bei dem Kilometerstand 92381 entstanden.<\/p>\n","protected":false},"author":1,"featured_media":0,"parent":9,"menu_order":10,"comment_status":"closed","ping_status":"closed","template":"","meta":{"footnotes":""},"class_list":["post-225","page","type-page","status-publish","hentry"],"_links":{"self":[{"href":"https:\/\/www.t2-bulli.de\/t2bcms\/wp-json\/wp\/v2\/pages\/225","targetHints":{"allow":["GET"]}}],"collection":[{"href":"https:\/\/www.t2-bulli.de\/t2bcms\/wp-json\/wp\/v2\/pages"}],"about":[{"href":"https:\/\/www.t2-bulli.de\/t2bcms\/wp-json\/wp\/v2\/types\/page"}],"author":[{"embeddable":true,"href":"https:\/\/www.t2-bulli.de\/t2bcms\/wp-json\/wp\/v2\/users\/1"}],"replies":[{"embeddable":true,"href":"https:\/\/www.t2-bulli.de\/t2bcms\/wp-json\/wp\/v2\/comments?post=225"}],"version-history":[{"count":7,"href":"https:\/\/www.t2-bulli.de\/t2bcms\/wp-json\/wp\/v2\/pages\/225\/revisions"}],"predecessor-version":[{"id":368,"href":"https:\/\/www.t2-bulli.de\/t2bcms\/wp-json\/wp\/v2\/pages\/225\/revisions\/368"}],"up":[{"embeddable":true,"href":"https:\/\/www.t2-bulli.de\/t2bcms\/wp-json\/wp\/v2\/pages\/9"}],"wp:attachment":[{"href":"https:\/\/www.t2-bulli.de\/t2bcms\/wp-json\/wp\/v2\/media?parent=225"}],"curies":[{"name":"wp","href":"https:\/\/api.w.org\/{rel}","templated":true}]}}