{"id":144,"date":"2009-09-17T22:42:52","date_gmt":"2009-09-17T20:42:52","guid":{"rendered":"http:\/\/www.t2-bulli.de\/t2bcms\/?page_id=144"},"modified":"2009-09-17T22:42:52","modified_gmt":"2009-09-17T20:42:52","slug":"fotoarchiv","status":"publish","type":"page","link":"https:\/\/www.t2-bulli.de\/t2bcms\/fotoarchiv\/","title":{"rendered":"Fotoarchiv"},"content":{"rendered":"<div id=\"attachment_269\" style=\"width: 610px\" class=\"wp-caption alignright\"><a href=\"https:\/\/www.t2-bulli.de\/t2bcms\/wp-content\/uploads\/2009\/09\/DSC00111.JPG\"><img loading=\"lazy\" decoding=\"async\" aria-describedby=\"caption-attachment-269\" class=\"size-medium wp-image-269\" title=\"Bulli in der L\u00fcneburger Heide\" src=\"https:\/\/www.t2-bulli.de\/t2bcms\/wp-content\/uploads\/2009\/09\/DSC00111-600x450.jpg\" alt=\"Bulli in der L\u00fcneburger Heide\" width=\"600\" height=\"450\" \/><\/a><p id=\"caption-attachment-269\" class=\"wp-caption-text\">Bulli in der L\u00fcneburger Heide<\/p><\/div>\n<p>Hier werden alle Fotos nach Datum aufgelistet, f\u00fcr die es Fotos gibt. Sollten mehrere Fotos pro Tag existieren, k\u00f6nnen diese wie gewohnt durchgebl\u00e4ttert werden.<\/p>\n","protected":false},"excerpt":{"rendered":"<p>Hier werden alle Fotos nach Datum aufgelistet, f\u00fcr die es Fotos gibt. Sollten mehrere Fotos pro Tag existieren, k\u00f6nnen diese wie gewohnt durchgebl\u00e4ttert werden.<\/p>\n","protected":false},"author":1,"featured_media":0,"parent":0,"menu_order":40,"comment_status":"closed","ping_status":"closed","template":"monatsarchiv.php","meta":{"footnotes":""},"class_list":["post-144","page","type-page","status-publish","hentry"],"_links":{"self":[{"href":"https:\/\/www.t2-bulli.de\/t2bcms\/wp-json\/wp\/v2\/pages\/144","targetHints":{"allow":["GET"]}}],"collection":[{"href":"https:\/\/www.t2-bulli.de\/t2bcms\/wp-json\/wp\/v2\/pages"}],"about":[{"href":"https:\/\/www.t2-bulli.de\/t2bcms\/wp-json\/wp\/v2\/types\/page"}],"author":[{"embeddable":true,"href":"https:\/\/www.t2-bulli.de\/t2bcms\/wp-json\/wp\/v2\/users\/1"}],"replies":[{"embeddable":true,"href":"https:\/\/www.t2-bulli.de\/t2bcms\/wp-json\/wp\/v2\/comments?post=144"}],"version-history":[{"count":0,"href":"https:\/\/www.t2-bulli.de\/t2bcms\/wp-json\/wp\/v2\/pages\/144\/revisions"}],"wp:attachment":[{"href":"https:\/\/www.t2-bulli.de\/t2bcms\/wp-json\/wp\/v2\/media?parent=144"}],"curies":[{"name":"wp","href":"https:\/\/api.w.org\/{rel}","templated":true}]}}